{"id":17,"date":"2021-02-28T14:15:02","date_gmt":"2021-02-28T13:15:02","guid":{"rendered":"http:\/\/www.observersecurity.com\/?page_id=17"},"modified":"2024-07-05T06:30:05","modified_gmt":"2024-07-05T04:30:05","slug":"o-nas","status":"publish","type":"page","link":"https:\/\/www.observersecurity.com\/?page_id=17","title":{"rendered":"O NAS"},"content":{"rendered":"\t\t<div data-elementor-type=\"wp-page\" data-elementor-id=\"17\" class=\"elementor elementor-17\">\n\t\t\t\t\t\t<section class=\"elementor-section elementor-top-section elementor-element elementor-element-9ba84ef elementor-section-boxed elementor-section-height-default elementor-section-height-default\" data-id=\"9ba84ef\" data-element_type=\"section\" data-e-type=\"section\">\n\t\t\t\t\t\t<div class=\"elementor-container elementor-column-gap-default\">\n\t\t\t\t\t<div class=\"elementor-column elementor-col-100 elementor-top-column elementor-element elementor-element-96cd7ce\" data-id=\"96cd7ce\" data-element_type=\"column\" data-e-type=\"column\">\n\t\t\t<div class=\"elementor-widget-wrap elementor-element-populated\">\n\t\t\t\t\t\t<div class=\"elementor-element elementor-element-975f373 elementor-widget elementor-widget-video\" data-id=\"975f373\" data-element_type=\"widget\" data-e-type=\"widget\" data-settings=\"{&quot;youtube_url&quot;:&quot;https:\\\/\\\/youtu.be\\\/vsX7Fds8XGQ&quot;,&quot;autoplay&quot;:&quot;yes&quot;,&quot;video_type&quot;:&quot;youtube&quot;,&quot;controls&quot;:&quot;yes&quot;}\" data-widget_type=\"video.default\">\n\t\t\t\t<div class=\"elementor-widget-container\">\n\t\t\t\t\t\t\t<div class=\"elementor-wrapper elementor-open-inline\">\n\t\t\t<div class=\"elementor-video\"><\/div>\t\t<\/div>\n\t\t\t\t\t\t<\/div>\n\t\t\t\t<\/div>\n\t\t\t\t\t<\/div>\n\t\t<\/div>\n\t\t\t\t\t<\/div>\n\t\t<\/section>\n\t\t\t\t<section class=\"elementor-section elementor-top-section elementor-element elementor-element-372e0c5 elementor-section-boxed elementor-section-height-default elementor-section-height-default\" data-id=\"372e0c5\" data-element_type=\"section\" data-e-type=\"section\">\n\t\t\t\t\t\t<div class=\"elementor-container elementor-column-gap-default\">\n\t\t\t\t\t<div class=\"elementor-column elementor-col-100 elementor-top-column elementor-element elementor-element-3c7a363\" data-id=\"3c7a363\" data-element_type=\"column\" data-e-type=\"column\">\n\t\t\t<div class=\"elementor-widget-wrap elementor-element-populated\">\n\t\t\t\t\t\t<div class=\"elementor-element elementor-element-b9434b7 elementor-widget__width-initial elementor-widget elementor-widget-text-editor\" data-id=\"b9434b7\" data-element_type=\"widget\" data-e-type=\"widget\" data-widget_type=\"text-editor.default\">\n\t\t\t\t<div class=\"elementor-widget-container\">\n\t\t\t\t\t\t\t\t\t<p>\u00a0<\/p><p><em><strong>Pragnienie bezpiecze\u0144stwa jest jedn\u0105 z podstawowych i najwa\u017cniejszych \u017cyciowych potrzeb ka\u017cdego cz\u0142owieka.<\/strong><\/em><br \/>Bezpiecze\u0144stwo jest r\u00f3wnie\u017c jednym z istotnych wyzwa\u0144 dla region\u00f3w przygranicznych, szczeg\u00f3lnie to bezpiecze\u0144stwo <br \/>w wymiarze transgranicznym, kt\u00f3re jest efektem ca\u0142o\u015bci przedsi\u0119wzi\u0119\u0107 zmierzaj\u0105cych do zapewnienia bezpiecze\u0144stwa fizycznego, technicznego oraz spo\u0142ecznego, na terenach przygranicznych rejon\u00f3w co najmniej dw\u00f3ch pa\u0144stw.\u00a0<br \/>MIasto, w kt\u00f3rym znajduje si\u0119 g\u0142\u00f3wna siedziba firmy, jest miejscem szczeg\u00f3lnym, nara\u017conym na wyst\u0119powanie zagro\u017ce\u0144 asymetryczno &#8211; hybrydowych.<\/p><p>Firma <strong>Observer Security Group sp. z o.o.<\/strong> z siedzib\u0105 g\u0142\u00f3wn\u0105 w S\u0142ubicach, rozpocz\u0119\u0142a dzia\u0142alno\u015b\u0107 w dniu 04 grudnia 2018 roku.<br \/>Nasz\u0105 ide\u0105 jest <em>propagowanie szeroko rozumianego bezpiecze\u0144stwa, utrzymanie \u0142adu i porz\u0105dku publicznego a tak\u017ce nauka zachowa\u0144 w sytuacji zagro\u017cenia.<\/em> \u015awiadczymy profesjonalne i dostosowane do indywidualnych potrzeb us\u0142ugi doradcze <br \/>i szkoleniowe. <br \/>Organizowane przez nas szkolenia i konferencje maj\u0105 na celu u\u015bwiadomienie ludzi jak radzi\u0107 sobie w sytuacjach zagro\u017cenia. Wsp\u00f3lna idea po\u0142\u0105czy\u0142a ludzi ze \u015bwiata nauki, jak i praktyk\u00f3w w dzia\u0142aniach na rzecz edukacji dla bezpiecze\u0144stwa.<br \/>Opieramy si\u0119 na do\u015bwiadczonej i wykwalifikowanej kadrze m.in. wyk\u0142adowc\u00f3w akademickich, by\u0142ych oficer\u00f3w Policji, <br \/>z wieloletnim sta\u017cem s\u0142u\u017cby dow\u00f3dcy operacji policyjnych oraz innych s\u0142u\u017cb mundurowych, szkolonych w kraju i za granic\u0105, <br \/>a tak\u017ce by\u0142ych antyterroryst\u00f3w \u2013 z uprawnieniami instruktorskimi, uczestnik\u00f3w zagranicznych misji pokojowych i bojowych oraz pirotechnik\u00f3w, co gwarantuje profesjonalne i bezpieczne wykonanie ka\u017cdego powierzonego nam zadania.\u00a0<\/p><p>Dotychczas przeprowadzili\u015bmy szkolenia lokalne przy wsp\u00f3\u0142pracy z Urz\u0119dem Miasta i Gminy S\u0142ubice, szkolenia w zakresie bezpiecze\u0144stwa we wsp\u00f3\u0142pracy z Wy\u017csz\u0105 Szko\u0142\u0105 Bezpiecze\u0144stwa w Poznaniu oraz w Urz\u0119dzie Miasta i Gminy w Wa\u0142brzychu. Uczestniczyli\u015bmy w konferencjach naukowych, krajowych i zagranicznych w aspekcie \u201eBezpiecze\u0144stwa Transgranicznego\u201d.<\/p><p>Dzia\u0142amy na rzecz bezpiecze\u0144stwa miasta, ale r\u00f3wnie\u017c nas wszystkich.<\/p><p>.<\/p>\t\t\t\t\t\t\t\t<\/div>\n\t\t\t\t<\/div>\n\t\t\t\t\t<\/div>\n\t\t<\/div>\n\t\t\t\t\t<\/div>\n\t\t<\/section>\n\t\t\t\t<section class=\"elementor-section elementor-top-section elementor-element elementor-element-c5e35bf elementor-section-boxed elementor-section-height-default elementor-section-height-default\" data-id=\"c5e35bf\" data-element_type=\"section\" data-e-type=\"section\">\n\t\t\t\t\t\t<div class=\"elementor-container elementor-column-gap-default\">\n\t\t\t\t\t<div class=\"elementor-column elementor-col-50 elementor-top-column elementor-element elementor-element-9f857a0\" data-id=\"9f857a0\" data-element_type=\"column\" data-e-type=\"column\">\n\t\t\t<div class=\"elementor-widget-wrap elementor-element-populated\">\n\t\t\t\t\t\t<div class=\"elementor-element elementor-element-595fbff elementor-widget elementor-widget-image\" data-id=\"595fbff\" data-element_type=\"widget\" data-e-type=\"widget\" data-widget_type=\"image.default\">\n\t\t\t\t<div class=\"elementor-widget-container\">\n\t\t\t\t\t\t\t\t\t\t\t\t\t\t\t<img fetchpriority=\"high\" decoding=\"async\" width=\"465\" height=\"639\" src=\"https:\/\/www.observersecurity.com\/wp-content\/uploads\/2021\/10\/certyf-osrodek.png\" class=\"attachment-large size-large wp-image-379\" alt=\"\" srcset=\"https:\/\/www.observersecurity.com\/wp-content\/uploads\/2021\/10\/certyf-osrodek.png 465w, https:\/\/www.observersecurity.com\/wp-content\/uploads\/2021\/10\/certyf-osrodek-218x300.png 218w\" sizes=\"(max-width: 465px) 100vw, 465px\" \/>\t\t\t\t\t\t\t\t\t\t\t\t\t\t\t<\/div>\n\t\t\t\t<\/div>\n\t\t\t\t\t<\/div>\n\t\t<\/div>\n\t\t\t\t<div class=\"elementor-column elementor-col-50 elementor-top-column elementor-element elementor-element-3e1ca4c\" data-id=\"3e1ca4c\" data-element_type=\"column\" data-e-type=\"column\">\n\t\t\t<div class=\"elementor-widget-wrap elementor-element-populated\">\n\t\t\t\t\t\t<div class=\"elementor-element elementor-element-7089634 elementor-widget elementor-widget-image\" data-id=\"7089634\" data-element_type=\"widget\" data-e-type=\"widget\" data-widget_type=\"image.default\">\n\t\t\t\t<div class=\"elementor-widget-container\">\n\t\t\t\t\t\t\t\t\t\t\t\t\t\t\t<img decoding=\"async\" width=\"515\" height=\"720\" src=\"https:\/\/www.observersecurity.com\/wp-content\/uploads\/2021\/10\/certyf.png\" class=\"attachment-large size-large wp-image-375\" alt=\"\" srcset=\"https:\/\/www.observersecurity.com\/wp-content\/uploads\/2021\/10\/certyf.png 515w, https:\/\/www.observersecurity.com\/wp-content\/uploads\/2021\/10\/certyf-215x300.png 215w\" sizes=\"(max-width: 515px) 100vw, 515px\" \/>\t\t\t\t\t\t\t\t\t\t\t\t\t\t\t<\/div>\n\t\t\t\t<\/div>\n\t\t\t\t\t<\/div>\n\t\t<\/div>\n\t\t\t\t\t<\/div>\n\t\t<\/section>\n\t\t\t\t<\/div>\n\t\t","protected":false},"excerpt":{"rendered":"<p>https:\/\/youtu.be\/vsX7Fds8XGQ \u00a0 Pragnienie bezpiecze\u0144stwa jest jedn\u0105 z podstawowych i najwa\u017cniejszych \u017cyciowych potrzeb ka\u017cdego cz\u0142owieka.Bezpiecze\u0144stwo jest r\u00f3wnie\u017c jednym z istotnych wyzwa\u0144 dla region\u00f3w przygranicznych, szczeg\u00f3lnie to bezpiecze\u0144stwo w wymiarze transgranicznym, kt\u00f3re jest efektem ca\u0142o\u015bci przedsi\u0119wzi\u0119\u0107 zmierzaj\u0105cych do zapewnienia bezpiecze\u0144stwa fizycznego, technicznego oraz spo\u0142ecznego, na terenach przygranicznych &hellip; <a href=\"https:\/\/www.observersecurity.com\/?page_id=17\" class=\"more-link\"><span>Continue reading<span class=\"screen-reader-text\">O NAS<\/span><\/span><\/a><\/p>\n","protected":false},"author":1,"featured_media":1164,"parent":0,"menu_order":0,"comment_status":"closed","ping_status":"closed","template":"","meta":{"ngg_post_thumbnail":0,"footnotes":""},"class_list":["post-17","page","type-page","status-publish","has-post-thumbnail","hentry"],"_links":{"self":[{"href":"https:\/\/www.observersecurity.com\/index.php?rest_route=\/wp\/v2\/pages\/17","targetHints":{"allow":["GET"]}}],"collection":[{"href":"https:\/\/www.observersecurity.com\/index.php?rest_route=\/wp\/v2\/pages"}],"about":[{"href":"https:\/\/www.observersecurity.com\/index.php?rest_route=\/wp\/v2\/types\/page"}],"author":[{"embeddable":true,"href":"https:\/\/www.observersecurity.com\/index.php?rest_route=\/wp\/v2\/users\/1"}],"replies":[{"embeddable":true,"href":"https:\/\/www.observersecurity.com\/index.php?rest_route=%2Fwp%2Fv2%2Fcomments&post=17"}],"version-history":[{"count":29,"href":"https:\/\/www.observersecurity.com\/index.php?rest_route=\/wp\/v2\/pages\/17\/revisions"}],"predecessor-version":[{"id":1227,"href":"https:\/\/www.observersecurity.com\/index.php?rest_route=\/wp\/v2\/pages\/17\/revisions\/1227"}],"wp:featuredmedia":[{"embeddable":true,"href":"https:\/\/www.observersecurity.com\/index.php?rest_route=\/wp\/v2\/media\/1164"}],"wp:attachment":[{"href":"https:\/\/www.observersecurity.com\/index.php?rest_route=%2Fwp%2Fv2%2Fmedia&parent=17"}],"curies":[{"name":"wp","href":"https:\/\/api.w.org\/{rel}","templated":true}]}}